11?
-2532
In base 4, what is -103330 + 10?
-103320
In base 16, what is -3 - -1?
-2
In base 12, what is -1885b + 3?
-18858
In base 4, what is -230 + 3?
-221
In base 8, what is -5 - -1067?
1062
In base 3, what is 1200 + 22110?
101010
In base 9, what is -162 - -2?
-160
In base 15, what is -1a - -147?
12c
In base 2, what is 1010 - -101000?
110010
In base 16, what is -f4 - 0?
-f4
In base 13, what is 2a1 + -2?
29c
In base 11, what is 2 + -3a?
-38
In base 2, what is -100 + -1100?
-10000
In base 6, what is -355 - 3?
-402
In base 6, what is -1411 + -5?
-1420
In base 15, what is -1 - 2dc7?
-2dc8
In base 9, what is 574 - -2?
576
In base 11, what is -178 - a?
-187
In base 14, what is 0 - 6?
-6
In base 10, what is -1 + -35?
-36
In base 8, what is -1 - 5401?
-5402
In base 7, what is -5 - 112?
-120
In base 12, what is -a - 1b7?
-205
In base 13, what is 3 + 6?
9
In base 14, what is -112 - b?
-11d
In base 11, what is 5 - 542?
-538
In base 3, what is -11 + -202?
-220
In base 5, what is 134 - 10?
124
In base 12, what is -1 - 87?
-88
In base 4, what is 1 + -101?
-100
In base 9, what is -12061 + -5?
-12066
In base 13, what is 17 + -72?
-58
In base 7, what is -11 - -1116?
1105
In base 13, what is -a + 2?
-8
In base 3, what is -10 - -11220?
11210
In base 5, what is -3 + 10120?
10112
In base 4, what is 21122 - -33?
21221
In base 12, what is -3a - 3?
-41
In base 16, what is -4 - -10c?
108
In base 4, what is -1012 + -11?
-1023
In base 2, what is 11111001010011 - -11?
11111001010110
In base 15, what is -8 + -256?
-25e
In base 5, what is -100 - 1022?
-1122
In base 14, what is 4 - 78?
-74
In base 4, what is -2011 + -12?
-2023
In base 8, what is 21325 + -5?
21320
In base 8, what is 5 + 75?
102
In base 15, what is 6bae + 1?
6bb0
In base 9, what is 11 - -10?
21
In base 7, what is -13 + -350?
-363
In base 6, what is 530 + -22?
504
In base 16, what is -8 - -8c?
84
In base 13, what is -65 + 3?
-62
In base 7, what is 242 + -2?
240
In base 10, what is -440 + 0?
-440
In base 11, what is 237 - 6?
231
In base 7, what is -10 + -11?
-21
In base 7, what is -2 + 12343?
12341
In base 5, what is -1020 + 4?
-1011
In base 7, what is 5 - 32500?
-32462
In base 11, what is 39 - 262?
-224
In base 15, what is 5944 + 0?
5944
In base 16, what is 30 - 7?
29
In base 5, what is 343 - -3?
401
In base 3, what is 1121110 + 0?
1121110
In base 14, what is 14a - 8?
142
In base 10, what is 10 - 55?
-45
In base 10, what is 20 + 1?
21
In base 16, what is 1 + -46?
-45
In base 16, what is 48 - 5?
43
In base 14, what is cb - -75?
162
In base 11, what is 1 - -95?
96
In base 4, what is -100 - -1?
-33
In base 14, what is 5 + -92?
-8b
In base 2, what is -110 + -10100000?
-10100110
In base 2, what is -1000111 - -11?
-1000100
In base 4, what is 3031 - -1001?
10032
In base 4, what is -2 + -301231?
-301233
In base 10, what is -182 + 4?
-178
In base 14, what is 148 - -9?
153
In base 14, what is c + -57?
-49
In base 9, what is -458 + 5?
-453
In base 6, what is -35432 + -3?
-35435
In base 3, what is 12 - -2002?
2021
In base 8, what is 3 + 63?
66
In base 8, what is 150 + 117?
267
In base 7, what is -2 + -503?
-505
In base 8, what is -4 + 1045?
1041
In base 9, what is 283 - 4?
278
In base 10, what is -7 - -1501?
1494
In base 16, what is 3 - b2?
-af
In base 16, what is 1 + -6f?
-6e
In base 15, what is 0 + 2ac?
2ac
In base 16, what is 1 + 4d?
4e
In base 4, what is -32 + 103?
11
In base 9, what is -4 + 2?
-2
In base 12, what is 719 + -13?
706
In base 5, what is 24024 - 10?
24014
In base 15, what is -6 - 5d?
-64
In base 5, what is -21 - 110?
-131
In base 9, what is 0 + 47?
47
In base 3, what is -100020120 - 10?
-100020200
In base 14, what is 5 + 15?
1a
In base 6, what is -2 - -301?
255
In base 6, what is -1324 + -15?
-1343
In base 10, what is -3 - 217?
-220
In base 14, what is -1d3 + -4?
-1d7
In base 4, what is 13001 + 100?
13101
In base 10, what is 503 + 1?
504
In base 13, what is -98c + 0?
-98c
In base 8, what is 21 - 26?
-5
In base 14, what is -51 - -3?
-4c
In base 6, what is 11345 + 1?
11350
In base 15, what is -1a + -10?
-2a
In base 8, what is 4140 - -5?
4145
In base 7, what is -11 + 12?
1
In base 11, what is -275 + 2?
-273
In base 9, what is 28 + -254?
-225
In base 11, what is 28 - -79?
a6
In base 5, what is -423331 + -3?
-423334
In base 14, what is 5 + -33?
-2c
In base 7, what is -1 + -5114?
-5115
In base 11, what is 6 - 21?
-16
In base 15, what is -63 + -2?
-65
In base 2, what is -10 + -1101000010?
-1101000100
In base 8, what is 1 - 232?
-231
In base 4, what is -1033 - 3?
-1102
In base 9, what is 3 + 214?
217
In base 11, what is 13 - -1033?
1046
In base 8, what is -55 - 6?
-63
In base 7, what is 12 - -111?
123
In base 11, what is 85 + 3?
88
In base 14, what is 229 + 2?
22b
In base 10, what is 47 + -17?
30
In base 12, what is -23b + 5?
-236
In base 12, what is 7258 + 3?
725b
In base 3, what is -1 + -12210?
-12211
In base 8, what is -1 - 316?
-317
In base 7, what is 0 - -300?
300
In base 10, what is -4 - 316?
-320
In base 16, what is 88 - 1?
87
In base 13, what is -b4 - -4?
-b0
In base 6, what is -2024 + 1?
-2023
In base 4, what is 11 + 100112?
100123
In base 7, what is -6 - -121?
112
In base 9, what is -4 - 636?
-641
In base 14, what is -1b9 + -b?
-1c6
In base 16, what is 2 - 2e?
-2c
In base 7, what is 10 - -36?
46
In base 15, what is -5 + 2b2?
2ac
In base 12, what is 761 + 1?
762
In base 11, what is 54 - 41?
13
In base 11, what is -2 - 58?
-5a
In base 10, what is 14964 - -5?
14969
In base 15, what is 1 + 12?
13
In base 2, what is -10111001 + 100?
-10110101
In base 12, what is -4 + 19b?
197
In base 3, what is 100 + 210?
1010
In base 10, what is 140 + -64?
76
In base 16, what is 22 + -37e?
-35c
In base 8, what is 10 - -70?
100
In base 11, what is -7 - 1195?
-11a1
In base 8, what is -6067 + -2?
-6071
In base 9, what is -3657 - -1?
-3656
In base 7, what is 46 + -1?
45
In base 11, what is -1 - -1338?
1337
In base 2, what is 1010000010101 + 101?
1010000011010
In base 3, what is -12201012 + -1?
-12201020
In base 4, what is -13 + 1030131?
1030112
In base 2, what is 1110 - 110110000?
-110100010
In base 15, what is 2 - -8?
a
In base 16, what is -5 - d0?
-d5
In base 6, what is 5 - -12340?
12345
In base 7, what is 5 + -2401?
-2363
In base 8, what is 433 - -21?
454
In base 8, what is 1477 - -14?
1513
In base 6, what is -10243 + -2?
-10245
In base 8, what is 24 - 5?
17
In base 8, what is 1 - 525?
-524
In base 4, what is -3 + 1213?
1210
In base 13, what is -412 + a?
-405
In base 9, what is 4 + -256?
-252
In base 9, what is -45 - 65?
-121
In base 14, what is 8 - 5?
3
In base 7, what is 35 - -35?
103
In base 14, what is -74c + -6?
-754
In base 12, what is 284 - 13?
271
In base 14, what is 3 + -1524?
-1521
In base 12, what is 8 - -1026?
1032
In base 4, what is 133 - 10?
123
In base 16, what is -5d8 + -4?
-5dc
In base 8, what is 24 + 205?
231
In base 5, what is 3 - 4003?
-4000
In base 5, what is -102 + 10?
-42
In base 3, what is 0 + -1221?
-1221
In base 11, what is 4 - -69?
72
In base 7, what is -5154 - 3?
-5160
In base 7, what is 2 - 1?
1
In base 7, what is -46 + 160?
111
In base 16, what is -22f4 - -4?
-22f0
In base 7, what is 1160 + -5?
1152
In base 10, what is -179 - 2?
-181
In base 2, what is 101 + -10110111?
-10110010
In base 13, what is 3 - 7a?
-77
In base 8, what is 405 - -7?
414
In base 14, what is 5 + -40?
-39
In base 8, what is 1 - -37?
40
In base 13, what is -1405 + 1?
-1404
In base 14, what is 58 - -125?
17d
In base 5, what is -4224 + -12?
-4241
In base 11, what is 22926 + -4?
22922
In base 4, what is 10 - -102122?
102132
In base 14, what is 1 - -315?
316
In base 5, what is -43040 - 1?
-43041
In base 14, what is c + -13?
-5
In base 14, what is 2261 + -5?
225a
In base 8, what is -5743 - -5?
-5736
In base 6, what is 53 + 55?
152
In base 3, what is -2102 - -102?
-2000
In base 15, what is -7 - 1?
-8
In base 16, what is -257 + 5?
-252
In base 7, what is -2 - 35?
-40
In base 7, what is -11 + 32?
21
In base 15, what is -20d + a?
-203
In base 9, what is -2651 + -3?
-2654
In base 15, what is -2 + -cb?
-cd
In base 6, what is 104 + -133?
-25
In base 9, what is -4 + -60?
-64
In base 11, what is 11a2 - 5?
1198
In base 15, what is -e - -1ed?
1de
In base 3, what is 12001122 + -10?
12001112
In base 13, what is -4 - 3?
-7
In base 5, what 